
-3
Let w(x) = 3 - 5*x**2 + 3719*x - 3712*x - x**3 + 0*x**2. Suppose -2 = -5*q + 3*a, -3*a + 2 = q - 4*a. Let b be 6/(-2) + q + -1. What is w(b)?
-3
Let q = 450 + -357. Suppose -x = 3*p + 10, 2*x - q = p - 92. Let r(b) = -b**3 - 3*b**2 - 2*b - 3. Calculate r(p).
3
Let x(t) = -2*t - 10. Suppose 2*p + 40 = 4*a, -69*a = -3*p - 68*a - 40. Give x(p).
14
Let m(w) be the second derivative of w**5/60 + w**4/4 + w**3/3 + 57*w**2/2 + 29*w. Let c(o) be the first derivative of m(o). Determine c(-7).
9
Let v(u) = u**2 + u - 7. Suppose 0 = -15*o + 43 + 17. Suppose 0 = n - 3*x + 6, 5*n + 2*x + 0 - o = 0. Determine v(n).
-7
Let s(y) = -5*y**3 - 19*y**2 + 4*y + 8. Let c(n) = -7*n**3 - 22*n**2 + 4*n + 9. Let t(p) = 3*c(p) - 4*s(p). Determine t(9).
40
Let n be 3/7 - 21/((-882)/4980). Let j = 105 - n. Let d(b) = b**2 + 13*b - 16. What is d(j)?
-2
Let l(x) = -37*x + 4 - 47*x - 51*x + 144*x. Let w be 2 + 3 + -13 - -4. Give l(w).
-32
Suppose -2*j = -3 - 7. Let i(o) be the second derivative of o**4/12 - 5*o**3/6 + o**2/2 + 34641*o. Determine i(j).
1
Let x(a) = 6*a**2 - 52*a + 211. Let g(z) = z**2 - 2*z + 48. Let h(m) = -4*g(m) + x(m). Give h(24).
115
Let s(o) = -5*o**2 - 32*o - 52. Let u(f) = -6*f**2 - 37*f - 57. Let z(w) = 7*s(w) - 6*u(w). What is z(8)?
26
Let m be 1*(14 + -4 - 7). Let d(h) be the first derivative of 0*h + 28 - 4/3*h**m + 1/2*h**2. Calculate d(1).
-3
Let h(y) = -y + 19. Let d = -2827 + 2837. What is h(d)?
9
Let z(p) = -p**2 + 17*p + 148. Let n be z(-6). Let v(g) = -n*g - 5*g - 4 + 2*g**2 + 11*g - 5*g**2 - g**3. Determine v(-2).
0
Let q(b) = -2*b**2 + 5*b - 6. Let y(p) = -9*p + 4. Suppose 20*u = -8*u. Let k be y(u). Determine q(k).
-18
Let t(a) = 14*a + 49. Let k(c) = c**2 - 148*c + 2333. Let g be k(18). Determine t(g).
-49
Let x(w) = -17*w + 5*w - 404 + 206 + 2*w**2 + 202. Calculate x(5).
-6
Let d = 57 + -100. Let p = d + 45. Let m(o) = -2 + p + 5 + 2*o. What is m(-7)?
-9
Suppose 23*g + 125 = -14*g + 51. Let i(x) = -4*x**2 - 7*x + 1. Determine i(g).
-1
Let r(t) = 10*t - 9. Suppose 287*s = -149*s - 104 - 1204. Determine r(s).
-39
Let y(v) = -7*v + 1. Let a(k) = k**3 + 12*k**2 - 15*k - 18. Let x be a(-13). Let u = 23 - x. Let d be 5/u*(-2 - (-1 + -4)). What is y(d)?
-6
Suppose -88*s + 32*s - 112 = 0. Let r(d) = -5*d - 8. Give r(s).
2
Let d(a) be the second derivative of -a**8/3360 - a**7/1260 + a**6/240 - 89*a**4/12 - 24*a - 1. Let i(f) be the third derivative of d(f). Give i(-3).
27
Let t be ((-55)/33)/(15/9). Let b(w) = -3*w**3 - 2*w**2 + 5. Let f(x) = -x**3 - 1. Let s(y) = b(y) + 4*f(y). Calculate s(t).
6
Let o(u) = 2*u**2 - u - 2. Let n = 795 - 793. Suppose -n*y - 48 = -14*y. What is o(y)?
26
Let i(c) = -c**2 - 8*c + 5. Let v(x) = 3*x + 75. Let k be v(-24). Suppose -s + 3*s = b - 12, -k*b = -5*s - 28. What is i(s)?
5
Let f be (9*4/54)/((-2)/12) - -2. Let w(o) = -2*o**3 - 4*o**2 + 2*o + 5. Calculate w(f).
1
Suppose -68 = 16*f + 12. Let j(m) = m**3. Let v(l) = 6*l**2 + 5*l - 7. Let n(c) = j(c) + v(c). Determine n(f).
-7
Let s(z) = -2*z + 13. Suppose -3*g + 10 = 5*o, 3*o - 111*g + 114*g = 0. Determine s(o).
3
Let c(j) be the second derivative of -j**5/20 - j**4/24 - 11*j**3/3 + 3*j + 10. Let l(z) be the second derivative of c(z). Give l(-1).
5
Let c(q) be the second derivative of q**4/24 + 5*q**3/6 + 19*q**2 - 64*q. Let k(g) be the first derivative of c(g). What is k(-9)?
-4
Let z(q) = q**3 - 3*q**2 - 4. Let m(g) = -5*g + 52. Let a be m(9). Suppose 2*x - 18 = b - a, -5*x - 3*b = 0. Give z(x).
-4
Let w(u) = 7*u**2 - 7*u - 20. Let k(f) = -12*f + 4*f + f**2 - 1 + 7*f. Let m(c) = -6*k(c) + w(c). Let v(d) be the first derivative of m(d). Calculate v(-4).
-9
Suppose -t = 3*u + 3, -5*t - 32 = 10*u - 12*u. Let z(h) = 2 - 2 - 14*h**2 + 1. Give z(u).
-13
Suppose 746*a + 686 = 732*a. Let y(k) = k**2 + 47*k - 101. Calculate y(a).
-3
Let q(t) = 0 + 1 + 0*t + 2*t**2 + 80*t**3 - t - 160*t**3 + 84*t**3. Let g be (-4)/5*(-2 + 5/(-10)). What is q(g)?
39
Let u(i) = -i**3 + 5*i**2 + 2*i - 10. Let d be u(5). Suppose d = 14*r + 186 - 4. Let j(v) = -v**3 - 13*v**2 - v - 6. Determine j(r).
7
Let w(y) be the first derivative of -7/6*y**3 + 9*y + 0*y**2 + 11. Let j(q) be the first derivative of w(q). Calculate j(2).
-14
Let v be (-196798)/(-38) + 10/95. Let w(h) = -h**2 + 2590 - v + 2*h + 2591. Determine w(4).
-6
Let i(x) be the second derivative of x**3/3 - 3*x**2 + 122*x - 20. Let c(v) = -v**2 - 1. Let g be c(3). Let q be ((-3)/(-6))/((-1)/g). What is i(q)?
4
Let b(z) = z**3 + 7*z**2 - z - 9. Suppose 3*i - 627 = -645. Calculate b(i).
33
Let s(p) = -p**3 - 11*p**2 - p - 10. Let u(t) = 8*t**3 - 87*t**2 - 10*t - 21. Let g be u(11). Determine s(g).
-100
Let v be ((-204)/(-24) + -5)*14/49. Let q(b) = -53*b + 11. Calculate q(v).
-42
Let o = -74 + 119. Let f(l) = -123*l**2 - 3*l - 48 + o + 120*l**2 - l**3. Calculate f(-3).
6
Let c(o) be the third derivative of -o**5/60 + o**4/3 - 16*o**2. Let j = -411 - -418. Give c(j).
7
Let m(i) = 5*i**2 + 6*i**2 - 5*i**2 - 6 + i + 1. Let w(v) = 11*v**2 + 2*v - 12. Let l(n) = -7*m(n) + 3*w(n). Determine l(-1).
-9
Let v(t) = -t**3 - 4*t**2 + 6*t - 9. Suppose -209*g = -184*g + 125. Calculate v(g).
-14
Let o(m) = -2*m**2 - 17*m - 13. Let s be o(-7). Let w(y) = -14*y. Let z(t) = 211*t. Let r(a) = -30*w(a) - 2*z(a). Give r(s).
-16
Suppose 3*t = -t + 5*l - 7, 4*l - 11 = 5*t. Let k = 95 - 93. Let d(n) = 3*n + n**k - 2*n**2 - 1 + 4*n**2 + n**3. Determine d(t).
-10
Let r(v) = -18*v + 7. Suppose 7*a - 11*a = -32. Let d be a + -4 + 3/6*-14. Let g(w) = -9*w + 4. Let n(o) = d*r(o) + 5*g(o). Give n(-2).
-19
Let k = -223 + 225. Let g(r) = r**2 + r**2 - r**3 + 222*r + 3*r**2 - 224*r - 1. Calculate g(k).
7
Let i = -119 + 57. Let f = 60 + i. Let v(u) = -u**2 - u. Give v(f).
-2
Let s(k) = -10*k**2 + 9*k - 9. Let q = 204 + -202. Let f(i) = i**2 - i + 1. Let w(c) = q*s(c) + 18*f(c). Give w(1).
-2
Let o be 10*(-10 + 17 + -6). Let z(u) = u - 27. Give z(o).
-17
Let r(i) = i + 17. Let q(g) be the third derivative of g**5/60 + g**4/8 - g**3 - 123*g**2. Let o be q(-3). Determine r(o).
11
Let l(b) = 1125*b - 1027*b + 111 - 167 - 144. Calculate l(2).
-4
Let y(b) = 4*b**3 - b**2 + b + 1. Let x(z) = z**2 - 36*z + 73. Let h be x(34). Suppose h*f + 22 = 17. What is y(f)?
-5
Let k(i) = -14*i**2 + 101*i - 663. Let c(n) = -4*n**2 + 33*n - 209. Let y(x) = 19*c(x) - 6*k(x). Calculate y(-3).
16
Let z = 13 + -19. Let d(r) = -r**2 - 7*r + 3. Let p be d(z). Let s(l) = 2 - p*l**2 + 0*l - l + 17*l**3 - 16*l**3. Calculate s(9).
-7
Let f(o) = -10*o**2 + 1142*o + 1143. Let v be f(-1). Let c(d) = 3*d**2 - 11*d + 5. Let n(u) = u**2 - 6*u + 2. Let j(z) = -2*c(z) + 5*n(z). What is j(v)?
-9
Let x(v) = -1 + 11*v - 7 - 2*v - 15 + 7*v. Determine x(2).
9
Let z(u) be the third derivative of -u**7/2520 - u**6/144 - u**5/20 + 7*u**4/24 - u**3/2 - 74*u**2. Let v(t) be the second derivative of z(t). Determine v(-5).
-6
Let s(o) = -o**3 - 45*o**2 + 8. Let q be s(-45). Let b(n) = -n**2 + 15*n - 24. Determine b(q).
32
Let a(s) = -5*s**3 + 70*s - 4 + s**3 - 75*s + 3*s**3 - 5*s**2 + 0*s**2. What is a(-5)?
21
Suppose 0 = -125*f + 129*f. Let q(s) be the third derivative of f + 1/8*s**4 - 2/3*s**3 - 9*s**2 + 0*s + 1/60*s**5. What is q(-3)?
-4
Let a(k) = -8 - k + k**2 + 2 + 0. Let x = -167 + 172. Suppose 5 = -16*d + x. What is a(d)?
-6
Let s(n) = n**3 - 35*n**2 - 54*n - 73. Let v(r) = 4*r**2 - r + 4. Let k(t) = -s(t) - 2*v(t). What is k(29)?
7
Let d(c) = 5*c**2 + 2*c - 8. Let n(b) = -2*b**3 + 34*b**2 + 117*b + 63. Let p be n(20). What is d(p)?
43
Let t(n) be the first derivative of -n**3/3 + 2*n**2 + 4*n - 648. Calculate t(-4).
-28
Let h(c) be the first derivative of -c**4/4 + 2*c**3/3 + 3*c**2/2 - 79*c + 4693. Calculate h(0).
-79
Let q(f) be the first derivative of -f**4/2 - 9*f**3 - 7*f**2 - 19*f - 428. What is q(-13)?
-6
Let g(h) = -3*h - 6. Let l(i) = -4*i - 8. Suppose -4*s + 5*s - 2 = -5*a, -3*a = -4*s - 15. Let y(j) = s*g(j) + 2*l(j). Determine y(4).
6
Suppose -3*k + 2*r + 15 = -2*k, 0 = -5*k - 4*r + 61. Suppose 0 = i + 5*b, -4*b + 12 = 4*i - 4. Let g = i - k. Let m(h) = -h**3 - 8*h**2 + 2*h + 9. What is m(g)?
-7
Let i(c) be the third derivative of 0*c**3 + 1/24*c**4 + 0 - 1/60*c**6 + 178*c**2 - 1/15*c**5 + 0*c. Let z be ((-3)/(-2))/((-3)/6). Determine i(z).
15
Let t(w) = 13*w + 17*w - 32*w + 3*w + 38. 